[INFO] cloning repository https://github.com/JamesBlackman-SLG/stomp-claw
[INFO] running `Command { std: "git" "-c" "credential.helper=" "-c" "credential.helper=/workspace/cargo-home/bin/git-credential-null" "clone" "--bare" "https://github.com/JamesBlackman-SLG/stomp-claw" "/workspace/cache/git-repos/https%3A%2F%2Fgithub.com%2FJamesBlackman-SLG%2Fstomp-claw", kill_on_drop: false }`
[INFO] [stderr] Cloning into bare repository '/workspace/cache/git-repos/https%3A%2F%2Fgithub.com%2FJamesBlackman-SLG%2Fstomp-claw'...
[INFO] running `Command { std: "git" "rev-parse" "HEAD", kill_on_drop: false }`
[INFO] [stdout] 57d11afef9e093ab48c5a5421e1201ec65164158
[INFO] checking JamesBlackman-SLG/stomp-claw against 40527f3e444fde1deb361751bdef9b9e11d1b971+rustflags=--cfg crater_hack --force-warn invalid-c-variadic-arguments for pr-162478
[INFO] running `Command { std: "git" "clone" "/workspace/cache/git-repos/https%3A%2F%2Fgithub.com%2FJamesBlackman-SLG%2Fstomp-claw" "/workspace/builds/worker-5-tc2/source", kill_on_drop: false }`
[INFO] [stderr] Cloning into '/workspace/builds/worker-5-tc2/source'...
[INFO] [stderr] done.
[INFO] started tweaking git repo https://github.com/JamesBlackman-SLG/stomp-claw
[INFO] finished tweaking git repo https://github.com/JamesBlackman-SLG/stomp-claw
[INFO] tweaked toml for git repo https://github.com/JamesBlackman-SLG/stomp-claw written to /workspace/builds/worker-5-tc2/source/Cargo.toml
[INFO] validating manifest of git repo https://github.com/JamesBlackman-SLG/stomp-claw on toolchain 40527f3e444fde1deb361751bdef9b9e11d1b971
[INFO] running `Command { std: CARGO_HOME="/workspace/cargo-home" RUSTUP_HOME="/workspace/rustup-home" "/workspace/cargo-home/bin/cargo" "+40527f3e444fde1deb361751bdef9b9e11d1b971" "metadata" "--manifest-path" "Cargo.toml" "--no-deps", kill_on_drop: false }`
[INFO] crate git repo https://github.com/JamesBlackman-SLG/stomp-claw already has a lockfile, it will not be regenerated
[INFO] running `Command { std: CARGO_HOME="/workspace/cargo-home" RUSTUP_HOME="/workspace/rustup-home" "/workspace/cargo-home/bin/cargo" "+40527f3e444fde1deb361751bdef9b9e11d1b971" "fetch" "--manifest-path" "Cargo.toml", kill_on_drop: false }`
[INFO] [stderr] warning: binary `stomp_claw` should have a kebab-case name
[INFO] [stderr]    |
[INFO] [stderr]  1 | /workspace/builds/worker-5-tc2/source/target/.../stomp_claw
[INFO] [stderr]    |                                                  ^^^^^^^^^^
[INFO] [stderr]    |
[INFO] [stderr]    = note: `cargo::non_kebab_case_bins` is set to `warn` by default
[INFO] [stderr] help: to change the binary name to `stomp-claw`, convert `package.name`
[INFO] [stderr]   --> Cargo.toml:82:8
[INFO] [stderr]    |
[INFO] [stderr] 82 - name = "stomp_claw"
[INFO] [stderr] 82 + name = "stomp-claw"
[INFO] [stderr]    |
[INFO] [stderr] help: to change the binary name to `stomp-claw`, specify `bin.name`
[INFO] [stderr]   --> Cargo.toml:83:19
[INFO] [stderr]    |
[INFO] [stderr] 83 ~ version = "2.0.0"
[INFO] [stderr] 84 + [[bin]]
[INFO] [stderr] 85 + name = "stomp-claw"
[INFO] [stderr] 86 + path = "src/main.rs"
[INFO] [stderr]    |
[INFO] [stderr] warning: `stomp_claw` (manifest) generated 1 warning
[INFO] [stderr]     Blocking waiting for file lock on package cache
[INFO] [stderr]     Updating crates.io index
[INFO] [stderr]     Blocking waiting for file lock on package cache
[ERROR] error running command: no output for 300 seconds
[INFO] checking JamesBlackman-SLG/stomp-claw against 40527f3e444fde1deb361751bdef9b9e11d1b971+rustflags=--cfg crater_hack --force-warn invalid-c-variadic-arguments for pr-162478
[INFO] running `Command { std: "git" "clone" "/workspace/cache/git-repos/https%3A%2F%2Fgithub.com%2FJamesBlackman-SLG%2Fstomp-claw" "/workspace/builds/worker-5-tc2/source", kill_on_drop: false }`
[INFO] [stderr] Cloning into '/workspace/builds/worker-5-tc2/source'...
[INFO] [stderr] done.
[INFO] started tweaking git repo https://github.com/JamesBlackman-SLG/stomp-claw
[INFO] finished tweaking git repo https://github.com/JamesBlackman-SLG/stomp-claw
[INFO] tweaked toml for git repo https://github.com/JamesBlackman-SLG/stomp-claw written to /workspace/builds/worker-5-tc2/source/Cargo.toml
[INFO] validating manifest of git repo https://github.com/JamesBlackman-SLG/stomp-claw on toolchain 40527f3e444fde1deb361751bdef9b9e11d1b971
[INFO] running `Command { std: CARGO_HOME="/workspace/cargo-home" RUSTUP_HOME="/workspace/rustup-home" "/workspace/cargo-home/bin/cargo" "+40527f3e444fde1deb361751bdef9b9e11d1b971" "metadata" "--manifest-path" "Cargo.toml" "--no-deps", kill_on_drop: false }`
[INFO] crate git repo https://github.com/JamesBlackman-SLG/stomp-claw already has a lockfile, it will not be regenerated
[INFO] running `Command { std: CARGO_HOME="/workspace/cargo-home" RUSTUP_HOME="/workspace/rustup-home" "/workspace/cargo-home/bin/cargo" "+40527f3e444fde1deb361751bdef9b9e11d1b971" "fetch" "--manifest-path" "Cargo.toml", kill_on_drop: false }`
[INFO] [stderr] warning: binary `stomp_claw` should have a kebab-case name
[INFO] [stderr]    |
[INFO] [stderr]  1 | /workspace/builds/worker-5-tc2/source/target/.../stomp_claw
[INFO] [stderr]    |                                                  ^^^^^^^^^^
[INFO] [stderr]    |
[INFO] [stderr]    = note: `cargo::non_kebab_case_bins` is set to `warn` by default
[INFO] [stderr] help: to change the binary name to `stomp-claw`, convert `package.name`
[INFO] [stderr]   --> Cargo.toml:82:8
[INFO] [stderr]    |
[INFO] [stderr] 82 - name = "stomp_claw"
[INFO] [stderr] 82 + name = "stomp-claw"
[INFO] [stderr]    |
[INFO] [stderr] help: to change the binary name to `stomp-claw`, specify `bin.name`
[INFO] [stderr]   --> Cargo.toml:83:19
[INFO] [stderr]    |
[INFO] [stderr] 83 ~ version = "2.0.0"
[INFO] [stderr] 84 + [[bin]]
[INFO] [stderr] 85 + name = "stomp-claw"
[INFO] [stderr] 86 + path = "src/main.rs"
[INFO] [stderr]    |
[INFO] [stderr] warning: `stomp_claw` (manifest) generated 1 warning
[INFO] [stderr]     Blocking waiting for file lock on package cache
[INFO] [stderr]     Blocking waiting for file lock on package cache
[INFO] [stderr]  Downloading crates ...
[INFO] [stderr]   Downloaded uuid v1.21.0
[INFO] [stderr]   Downloaded native-tls v0.2.18
[INFO] [stderr]   Downloaded coremidi v0.6.0
[INFO] [stderr]   Downloaded json5 v1.3.1
[INFO] [stderr]   Downloaded coremidi-sys v3.2.0
[INFO] [stderr]   Downloaded midir v0.9.1
[INFO] [stderr]   Downloaded axum-extra v0.10.3
[INFO] [stderr]   Downloaded windows v0.43.0
[INFO] running `Command { std: "docker" "create" "-v" "/var/lib/crater-agent-workspace/builds/worker-5-tc2/source:/opt/rustwide/workdir:ro,Z" "-v" "/var/lib/crater-agent-workspace/builds/worker-5-tc2/target:/opt/rustwide/target:rw,Z" "-v" "/var/lib/crater-agent-workspace/cargo-home:/opt/rustwide/cargo-home:ro,Z" "-v" "/var/lib/crater-agent-workspace/rustup-home:/opt/rustwide/rustup-home:ro,Z" "-m" "1610612736" "--network" "none" "ghcr.io/rust-lang/crates-build-env/linux@sha256:8683fc1fc2eb5c9ac98e0d076ab094b2ffac7f99da555d2b6a2e27f346de2ec7" "sleep" "infinity", kill_on_drop: false }`
[INFO] [stdout] a6c01cb11986548bdba19c7b4addbf1a49af516e73310d8db92172ad9f10637f
[INFO] running `Command { std: "docker" "start" "a6c01cb11986548bdba19c7b4addbf1a49af516e73310d8db92172ad9f10637f", kill_on_drop: false }`
[INFO] running `Command { std: "docker" "inspect" "a6c01cb11986548bdba19c7b4addbf1a49af516e73310d8db92172ad9f10637f", kill_on_drop: false }`
[INFO] running `Command { std: "docker" "exec" "-e" "SOURCE_DIR=/opt/rustwide/workdir" "-e" "CARGO_HOME=/opt/rustwide/cargo-home" "-e" "RUSTUP_HOME=/opt/rustwide/rustup-home" "-e" "CARGO_TARGET_DIR=/opt/rustwide/target" "-w" "/opt/rustwide/workdir" "--user" "0:0" "a6c01cb11986548bdba19c7b4addbf1a49af516e73310d8db92172ad9f10637f" "/opt/rustwide/cargo-home/bin/cargo" "+40527f3e444fde1deb361751bdef9b9e11d1b971" "metadata" "--no-deps" "--format-version=1", kill_on_drop: false }`
[INFO] running `Command { std: "docker" "inspect" "a6c01cb11986548bdba19c7b4addbf1a49af516e73310d8db92172ad9f10637f", kill_on_drop: false }`
[INFO] running `Command { std: "docker" "exec" "-e" "SOURCE_DIR=/opt/rustwide/workdir" "-e" "CARGO_HOME=/opt/rustwide/cargo-home" "-e" "RUSTUP_HOME=/opt/rustwide/rustup-home" "-e" "CARGO_TARGET_DIR=/opt/rustwide/target" "-e" "CARGO_INCREMENTAL=0" "-e" "RUST_BACKTRACE=full" "-e" "RUSTFLAGS=--cap-lints=forbid --cfg crater_hack --force-warn invalid-c-variadic-arguments" "-e" "RUSTDOCFLAGS=--cap-lints=forbid" "-w" "/opt/rustwide/workdir" "--user" "0:0" "a6c01cb11986548bdba19c7b4addbf1a49af516e73310d8db92172ad9f10637f" "/opt/rustwide/cargo-home/bin/cargo" "+40527f3e444fde1deb361751bdef9b9e11d1b971" "check" "--frozen" "--all" "--all-targets" "--message-format=json", kill_on_drop: false }`
[INFO] [stderr] warning: binary `stomp_claw` should have a kebab-case name
[INFO] [stderr]    |
[INFO] [stderr]  1 | /opt/rustwide/target/.../stomp_claw
[INFO] [stderr]    |                          ^^^^^^^^^^
[INFO] [stderr]    |
[INFO] [stderr]    = note: `cargo::non_kebab_case_bins` is set to `warn` by default
[INFO] [stderr] help: to change the binary name to `stomp-claw`, convert `package.name`
[INFO] [stderr]   --> Cargo.toml:82:8
[INFO] [stderr]    |
[INFO] [stderr] 82 - name = "stomp_claw"
[INFO] [stderr] 82 + name = "stomp-claw"
[INFO] [stderr]    |
[INFO] [stderr] help: to change the binary name to `stomp-claw`, specify `bin.name`
[INFO] [stderr]   --> Cargo.toml:83:19
[INFO] [stderr]    |
[INFO] [stderr] 83 ~ version = "2.0.0"
[INFO] [stderr] 84 + [[bin]]
[INFO] [stderr] 85 + name = "stomp-claw"
[INFO] [stderr] 86 + path = "src/main.rs"
[INFO] [stderr]    |
[INFO] [stderr] warning: `stomp_claw` (manifest) generated 1 warning
[INFO] [stderr]    Compiling quote v1.0.44
[INFO] [stderr]    Compiling libc v0.2.182
[INFO] [stderr]     Checking itoa v1.0.17
[INFO] [stderr]     Checking once_cell v1.21.3
[INFO] [stderr]    Compiling icu_normalizer_data v2.1.1
[INFO] [stderr]    Compiling icu_properties_data v2.1.2
[INFO] [stderr]     Checking slab v0.4.12
[INFO] [stderr]    Compiling zerocopy v0.8.40
[INFO] [stderr]     Checking digest v0.10.7
[INFO] [stderr]    Compiling writeable v0.6.2
[INFO] [stderr]    Compiling getrandom v0.3.4
[INFO] [stderr]    Compiling litemap v0.8.1
[INFO] [stderr]     Checking indexmap v2.13.0
[INFO] [stderr]    Compiling fs_extra v1.3.0
[INFO] [stderr]    Compiling dunce v1.0.5
[INFO] [stderr]     Checking http v1.4.0
[INFO] [stderr]     Checking bitflags v2.11.0
[INFO] [stderr]     Checking tracing-core v0.1.36
[INFO] [stderr]    Compiling aws-lc-rs v1.16.1
[INFO] [stderr]     Checking atomic-waker v1.1.2
[INFO] [stderr]     Checking serde_json v1.0.149
[INFO] [stderr]     Checking sync_wrapper v1.0.2
[INFO] [stderr]     Checking sha1 v0.10.6
[INFO] [stderr]    Compiling syn v2.0.117
[INFO] [stderr]     Checking sha2 v0.10.9
[INFO] [stderr]    Compiling alsa-sys v0.3.1
[INFO] [stderr]     Checking openssl-probe v0.2.1
[INFO] [stderr]     Checking utf-8 v0.7.6
[INFO] [stderr]     Checking data-encoding v2.10.0
[INFO] [stderr]    Compiling openssl v0.10.75
[INFO] [stderr]    Compiling crc32fast v1.5.0
[INFO] [stderr]    Compiling native-tls v0.2.18
[INFO] [stderr]     Checking http-body v1.0.1
[INFO] [stderr]    Compiling semver v1.0.27
[INFO] [stderr]     Checking http-body-util v0.1.3
[INFO] [stderr]    Compiling rustls v0.23.37
[INFO] [stderr]    Compiling mime_guess v2.0.5
[INFO] [stderr]    Compiling futures-executor v0.3.32
[INFO] [stderr]    Compiling zstd-safe v7.2.4
[INFO] [stderr]    Compiling getrandom v0.4.1
[INFO] [stderr]    Compiling same-file v1.0.6
[INFO] [stderr]     Checking simd-adler32 v0.3.8
[INFO] [stderr]     Checking regex-syntax v0.8.10
[INFO] [stderr]    Compiling rustc_version v0.4.1
[INFO] [stderr]    Compiling walkdir v2.5.0
[INFO] [stderr]     Checking deranged v0.5.8
[INFO] [stderr]     Checking event-listener v5.4.1
[INFO] [stderr]     Checking crossbeam-queue v0.3.12
[INFO] [stderr]     Checking inout v0.1.4
[INFO] [stderr]    Compiling curve25519-dalek v4.1.3
[INFO] [stderr]     Checking spin v0.9.8
[INFO] [stderr]    Compiling rustversion v1.0.22
[INFO] [stderr]    Compiling hex v0.4.3
[INFO] [stderr]     Checking time-core v0.1.8
[INFO] [stderr]     Checking unicase v2.9.0
[INFO] [stderr]     Checking num-conv v0.2.0
[INFO] [stderr]    Compiling dotenvy v0.15.7
[INFO] [stderr]    Compiling rustix v1.1.4
[INFO] [stderr]     Checking adler2 v2.0.1
[INFO] [stderr]     Checking sharded-slab v0.1.7
[INFO] [stderr]    Compiling rust-embed-utils v8.11.0
[INFO] [stderr]     Checking miniz_oxide v0.8.9
[INFO] [stderr]     Checking flume v0.11.1
[INFO] [stderr]     Checking cipher v0.4.4
[INFO] [stderr]    Compiling jobserver v0.1.34
[INFO] [stderr]    Compiling socket2 v0.6.2
[INFO] [stderr]    Compiling parking_lot_core v0.9.12
[INFO] [stderr]    Compiling mio v1.1.1
[INFO] [stderr]    Compiling parking_lot v0.12.5
[INFO] [stderr]     Checking atoi v2.0.0
[INFO] [stderr]     Checking headers-core v0.3.0
[INFO] [stderr]     Checking errno v0.3.14
[INFO] [stderr]    Compiling cc v1.2.56
[INFO] [stderr]    Compiling tokio v1.49.0
[INFO] [stderr]    Compiling futures-intrusive v0.5.0
[INFO] [stderr]     Checking signal-hook-registry v1.4.8
[INFO] [stderr]     Checking getrandom v0.2.17
[INFO] [stderr]     Checking regex-automata v0.4.14
[INFO] [stderr]     Checking nix v0.24.3
[INFO] [stderr]     Checking tracing-log v0.2.0
[INFO] [stderr]     Checking rand_core v0.9.5
[INFO] [stderr]     Checking rand_core v0.6.4
[INFO] [stderr]     Checking hmac v0.12.1
[INFO] [stderr]     Checking serde_path_to_error v0.1.20
[INFO] [stderr]     Checking thread_local v1.1.9
[INFO] [stderr]     Checking bumpalo v3.20.2
[INFO] [stderr]     Checking http-range-header v0.4.2
[INFO] [stderr]    Compiling cpal v0.15.3
[INFO] [stderr]     Checking iri-string v0.7.10
[INFO] [stderr]     Checking matchit v0.8.4
[INFO] [stderr]     Checking nu-ansi-term v0.50.3
[INFO] [stderr]     Checking byteorder v1.5.0
[INFO] [stderr]    Compiling zip v2.4.2
[INFO] [stderr]     Checking zopfli v0.8.3
[INFO] [stderr]     Checking alsa v0.9.1
[INFO] [stderr]     Checking alsa v0.7.1
[INFO] [stderr]     Checking dirs-sys v0.4.1
[INFO] [stderr]     Checking pbkdf2 v0.12.2
[INFO] [stderr]     Checking headers v0.4.1
[INFO] [stderr]     Checking flate2 v1.1.9
[INFO] [stderr]     Checking aes v0.8.4
[INFO] [stderr]     Checking lzma-rs v0.3.0
[INFO] [stderr]     Checking time v0.3.47
[INFO] [stderr]    Compiling cmake v0.1.57
[INFO] [stderr]     Checking crossbeam-channel v0.5.15
[INFO] [stderr]     Checking encoding_rs v0.8.35
[INFO] [stderr]     Checking dasp_sample v0.11.0
[INFO] [stderr]     Checking deflate64 v0.1.11
[INFO] [stderr]     Checking ucd-trie v0.1.7
[INFO] [stderr]     Checking fastrand v2.3.0
[INFO] [stderr]     Checking dirs v5.0.1
[INFO] [stderr]     Checking midir v0.9.1
[INFO] [stderr]     Checking uuid v1.21.0
[INFO] [stderr]     Checking hound v3.5.1
[INFO] [stderr]    Compiling aws-lc-sys v0.38.0
[INFO] [stderr]    Compiling openssl-sys v0.9.111
[INFO] [stderr]    Compiling libsqlite3-sys v0.30.1
[INFO] [stderr]    Compiling zstd-sys v2.0.16+zstd.1.5.7
[INFO] [stderr]    Compiling bzip2-sys v0.1.13+1.0.8
[INFO] [stderr]    Compiling lzma-sys v0.1.20
[INFO] [stderr]     Checking bzip2 v0.5.2
[INFO] [stderr]     Checking xz2 v0.1.7
[INFO] [stderr]     Checking tempfile v3.26.0
[INFO] [stderr]     Checking matchers v0.2.0
[INFO] [stderr]    Compiling synstructure v0.13.2
[INFO] [stderr]     Checking ppv-lite86 v0.2.21
[INFO] [stderr]     Checking rand_chacha v0.9.0
[INFO] [stderr]     Checking rand_chacha v0.3.1
[INFO] [stderr]    Compiling zerovec-derive v0.11.2
[INFO] [stderr]    Compiling displaydoc v0.2.5
[INFO] [stderr]    Compiling tracing-attributes v0.1.31
[INFO] [stderr]    Compiling tokio-macros v2.6.0
[INFO] [stderr]    Compiling serde_derive v1.0.228
[INFO] [stderr]    Compiling zerofrom-derive v0.1.6
[INFO] [stderr]    Compiling yoke-derive v0.8.1
[INFO] [stderr]    Compiling thiserror-impl v2.0.18
[INFO] [stderr]    Compiling futures-macro v0.3.32
[INFO] [stderr]    Compiling zeroize_derive v1.4.3
[INFO] [stderr]     Checking rand v0.9.2
[INFO] [stderr]     Checking zeroize v1.8.2
[INFO] [stderr]     Checking rustls-pki-types v1.14.0
[INFO] [stderr]    Compiling openssl-macros v0.1.1
[INFO] [stderr]    Compiling curve25519-dalek-derive v0.1.1
[INFO] [stderr]     Checking futures-util v0.3.32
[INFO] [stderr]     Checking rustls-native-certs v0.8.3
[INFO] [stderr]    Compiling tokio-stream v0.1.18
[INFO] [stderr]     Checking tracing v0.1.44
[INFO] [stderr]    Compiling rust-embed-impl v8.11.0
[INFO] [stderr]    Compiling zerofrom v0.1.6
[INFO] [stderr]    Compiling yoke v0.8.1
[INFO] [stderr]     Checking axum-core v0.5.6
[INFO] [stderr]     Checking thiserror v2.0.18
[INFO] [stderr]     Checking tungstenite v0.28.0
[INFO] [stderr]     Checking tracing-subscriber v0.3.22
[INFO] [stderr]     Checking zstd v0.13.3
[INFO] [stderr]     Checking zerovec v0.11.5
[INFO] [stderr]    Compiling zerotrie v0.2.3
[INFO] [stderr]     Checking rustls-pemfile v2.2.0
[INFO] [stderr]     Checking rand v0.8.5
[INFO] [stderr]     Checking rust-embed v8.11.0
[INFO] [stderr]    Compiling tinystr v0.8.2
[INFO] [stderr]    Compiling potential_utf v0.1.4
[INFO] [stderr]    Compiling icu_locale_core v2.1.1
[INFO] [stderr]    Compiling icu_collections v2.1.1
[INFO] [stderr]     Checking ed25519-dalek v2.2.0
[INFO] [stderr]     Checking tracing-appender v0.2.4
[INFO] [stderr]    Compiling icu_provider v2.1.1
[INFO] [stderr]    Compiling icu_normalizer v2.1.1
[INFO] [stderr]    Compiling icu_properties v2.1.2
[INFO] [stderr]     Checking serde v1.0.228
[INFO] [stderr]     Checking serde_urlencoded v0.7.1
[INFO] [stderr]     Checking either v1.15.0
[INFO] [stderr]     Checking chrono v0.4.44
[INFO] [stderr]     Checking json5 v1.3.1
[INFO] [stderr]     Checking futures v0.3.32
[INFO] [stderr]    Compiling idna_adapter v1.2.1
[INFO] [stderr]    Compiling idna v1.1.0
[INFO] [stderr]    Compiling url v2.5.8
[INFO] [stderr]    Compiling sqlx-core v0.8.6
[INFO] [stderr]     Checking tokio-util v0.7.18
[INFO] [stderr]     Checking tower v0.5.3
[INFO] [stderr]     Checking tokio-native-tls v0.3.1
[INFO] [stderr]     Checking tokio-tungstenite v0.28.0
[INFO] [stderr]     Checking h2 v0.4.13
[INFO] [stderr]     Checking tower-http v0.6.8
[INFO] [stderr]     Checking sqlx-sqlite v0.8.6
[INFO] [stderr]     Checking hyper v1.8.1
[INFO] [stderr]    Compiling sqlx-macros-core v0.8.6
[INFO] [stderr]     Checking hyper-util v0.1.20
[INFO] [stderr]     Checking rustls-webpki v0.103.9
[INFO] [stderr]    Compiling sqlx-macros v0.8.6
[INFO] [stderr]     Checking sqlx v0.8.6
[INFO] [stderr]     Checking hyper-tls v0.6.0
[INFO] [stderr]     Checking axum v0.8.8
[INFO] [stderr]     Checking reqwest v0.12.28
[INFO] [stderr]     Checking tungstenite v0.26.2
[INFO] [stderr]     Checking tokio-rustls v0.26.4
[INFO] [stderr]     Checking tokio-tungstenite v0.26.2
[INFO] [stderr]     Checking axum-extra v0.10.3
[INFO] [stderr]     Checking stomp_claw v2.0.0 (/opt/rustwide/workdir)
[INFO] [stdout] error: #[derive(RustEmbed)] folder '/opt/rustwide/workdir/ui/dist/client' does not exist. cwd: '/opt/rustwide/workdir'
[INFO] [stdout]   --> src/server.rs:79:1
[INFO] [stdout]    |
[INFO] [stdout] 79 | / #[folder = "ui/dist/client"]
[INFO] [stdout] 80 | | struct FrontendAssets;
[INFO] [stdout]    | |______________________^
[INFO] [stdout] 
[INFO] [stdout] 
[INFO] [stdout] error: #[derive(RustEmbed)] folder '/opt/rustwide/workdir/ui/dist/client' does not exist. cwd: '/opt/rustwide/workdir'
[INFO] [stdout]   --> src/server.rs:79:1
[INFO] [stdout]    |
[INFO] [stdout] 79 | / #[folder = "ui/dist/client"]
[INFO] [stdout] 80 | | struct FrontendAssets;
[INFO] [stdout]    | |______________________^
[INFO] [stdout] 
[INFO] [stdout] 
[INFO] [stdout] error[E0599]: no associated function or constant named `get` found for struct `FrontendAssets` in the current scope
[INFO] [stdout]    --> src/server.rs:136:27
[INFO] [stdout]     |
[INFO] [stdout]  80 | struct FrontendAssets;
[INFO] [stdout]     | --------------------- associated function or constant `get` not found for this struct
[INFO] [stdout] ...
[INFO] [stdout] 136 |     match FrontendAssets::get(path) {
[INFO] [stdout]     |                           ^^^ associated function or constant not found in `FrontendAssets`
[INFO] [stdout]     |
[INFO] [stdout]     = help: items from traits can only be used if the trait is implemented and in scope
[INFO] [stdout]     = note: the following traits define an item `get`, perhaps you need to implement one of them:
[INFO] [stdout]             candidate #1: `Embed`
[INFO] [stdout]             candidate #2: `Row`
[INFO] [stdout]             candidate #3: `SliceIndex`
[INFO] [stdout]             candidate #4: `StoresServerSessions`
[INFO] [stdout]             candidate #5: `alsa::poll::Descriptors`
[INFO] [stdout]             candidate #6: `alsa::poll::Descriptors`
[INFO] [stdout]             candidate #7: `icu_collections::codepointtrie::cptrie::TypedCodePointTrie`
[INFO] [stdout]             candidate #8: `icu_properties::names::PropertyEnumToValueNameLookup`
[INFO] [stdout]             candidate #9: `icu_provider::baked::DataStore`
[INFO] [stdout] 
[INFO] [stdout] 
[INFO] [stdout] error[E0599]: no associated function or constant named `get` found for struct `FrontendAssets` in the current scope
[INFO] [stdout]    --> src/server.rs:136:27
[INFO] [stdout]     |
[INFO] [stdout]  80 | struct FrontendAssets;
[INFO] [stdout]     | --------------------- associated function or constant `get` not found for this struct
[INFO] [stdout] ...
[INFO] [stdout] 136 |     match FrontendAssets::get(path) {
[INFO] [stdout]     |                           ^^^ associated function or constant not found in `FrontendAssets`
[INFO] [stdout]     |
[INFO] [stdout]     = help: items from traits can only be used if the trait is implemented and in scope
[INFO] [stdout]     = note: the following traits define an item `get`, perhaps you need to implement one of them:
[INFO] [stdout]             candidate #1: `Embed`
[INFO] [stdout]             candidate #2: `Row`
[INFO] [stdout]             candidate #3: `SliceIndex`
[INFO] [stdout]             candidate #4: `StoresServerSessions`
[INFO] [stdout]             candidate #5: `alsa::poll::Descriptors`
[INFO] [stdout]             candidate #6: `alsa::poll::Descriptors`
[INFO] [stdout]             candidate #7: `icu_collections::codepointtrie::cptrie::TypedCodePointTrie`
[INFO] [stdout]             candidate #8: `icu_properties::names::PropertyEnumToValueNameLookup`
[INFO] [stdout]             candidate #9: `icu_provider::baked::DataStore`
[INFO] [stdout] 
[INFO] [stdout] 
[INFO] [stdout] error[E0599]: no associated function or constant named `get` found for struct `FrontendAssets` in the current scope
[INFO] [stdout]    --> src/server.rs:146:35
[INFO] [stdout]     |
[INFO] [stdout]  80 | struct FrontendAssets;
[INFO] [stdout]     | --------------------- associated function or constant `get` not found for this struct
[INFO] [stdout] ...
[INFO] [stdout] 146 |             match FrontendAssets::get("index.html") {
[INFO] [stdout]     |                                   ^^^ associated function or constant not found in `FrontendAssets`
[INFO] [stdout]     |
[INFO] [stdout]     = help: items from traits can only be used if the trait is implemented and in scope
[INFO] [stdout]     = note: the following traits define an item `get`, perhaps you need to implement one of them:
[INFO] [stdout]             candidate #1: `Embed`
[INFO] [stdout]             candidate #2: `Row`
[INFO] [stdout]             candidate #3: `SliceIndex`
[INFO] [stdout]             candidate #4: `StoresServerSessions`
[INFO] [stdout]             candidate #5: `alsa::poll::Descriptors`
[INFO] [stdout]             candidate #6: `alsa::poll::Descriptors`
[INFO] [stdout]             candidate #7: `icu_collections::codepointtrie::cptrie::TypedCodePointTrie`
[INFO] [stdout]             candidate #8: `icu_properties::names::PropertyEnumToValueNameLookup`
[INFO] [stdout]             candidate #9: `icu_provider::baked::DataStore`
[INFO] [stdout] 
[INFO] [stdout] 
[INFO] [stdout] error[E0599]: no associated function or constant named `get` found for struct `FrontendAssets` in the current scope
[INFO] [stdout]    --> src/server.rs:146:35
[INFO] [stdout]     |
[INFO] [stdout]  80 | struct FrontendAssets;
[INFO] [stdout]     | --------------------- associated function or constant `get` not found for this struct
[INFO] [stdout] ...
[INFO] [stdout] 146 |             match FrontendAssets::get("index.html") {
[INFO] [stdout]     |                                   ^^^ associated function or constant not found in `FrontendAssets`
[INFO] [stdout]     |
[INFO] [stdout]     = help: items from traits can only be used if the trait is implemented and in scope
[INFO] [stdout]     = note: the following traits define an item `get`, perhaps you need to implement one of them:
[INFO] [stdout]             candidate #1: `Embed`
[INFO] [stdout]             candidate #2: `Row`
[INFO] [stdout]             candidate #3: `SliceIndex`
[INFO] [stdout]             candidate #4: `StoresServerSessions`
[INFO] [stdout]             candidate #5: `alsa::poll::Descriptors`
[INFO] [stdout]             candidate #6: `alsa::poll::Descriptors`
[INFO] [stdout]             candidate #7: `icu_collections::codepointtrie::cptrie::TypedCodePointTrie`
[INFO] [stdout]             candidate #8: `icu_properties::names::PropertyEnumToValueNameLookup`
[INFO] [stdout]             candidate #9: `icu_provider::baked::DataStore`
[INFO] [stdout] 
[INFO] [stdout] 
[INFO] [stdout] For more information about this error, try `rustc --explain E0599`.
[INFO] [stdout] 
[INFO] [stdout] For more information about this error, try `rustc --explain E0599`.
[INFO] [stdout] 
[INFO] [stderr] error: could not compile `stomp_claw` (bin "stomp_claw" test) due to 3 previous errors
[INFO] [stderr] warning: build failed, waiting for other jobs to finish...
[INFO] [stderr] error: could not compile `stomp_claw` (bin "stomp_claw") due to 3 previous errors
[INFO] [stderr] warning: unused dependency `axum-extra`
[INFO] [stderr]   --> Cargo.toml:28:15
[INFO] [stderr]    |
[INFO] [stderr] 28 | [dependencies.axum-extra]
[INFO] [stderr]    |               ^^^^^^^^^^^
[INFO] [stderr]    |
[INFO] [stderr]    = note: `cargo::unused_dependencies` is set to `warn` by default
[INFO] [stderr] help: consider removing the dependency on `axum-extra`
[INFO] [stderr] warning: `stomp_claw` (manifest) generated 1 warning
[INFO] running `Command { std: "docker" "inspect" "a6c01cb11986548bdba19c7b4addbf1a49af516e73310d8db92172ad9f10637f", kill_on_drop: false }`
[INFO] running `Command { std: "docker" "rm" "-f" "a6c01cb11986548bdba19c7b4addbf1a49af516e73310d8db92172ad9f10637f", kill_on_drop: false }`
[INFO] [stdout] a6c01cb11986548bdba19c7b4addbf1a49af516e73310d8db92172ad9f10637f
